{"id":73,"date":"2018-09-07T20:25:00","date_gmt":"2018-09-07T23:25:00","guid":{"rendered":"https:\/\/patrimonioyambiente.faud.unsj.edu.ar\/?page_id=73"},"modified":"2026-03-09T00:39:39","modified_gmt":"2026-03-09T03:39:39","slug":"unidad-5-2","status":"publish","type":"page","link":"https:\/\/patrimonioyambiente.faud.unsj.edu.ar\/?page_id=73","title":{"rendered":"Unidad de aprendizaje N\u00ba4"},"content":{"rendered":"<p>&nbsp;<\/p>\n<h4><img fetchpriority=\"high\" decoding=\"async\" class=\"wp-image-1225 aligncenter\" src=\"https:\/\/patrimonioyambiente.faud.unsj.edu.ar\/wp-content\/uploads\/2025\/01\/LA-ALHAMBRA-Y-EL-GENERALIFE-DE-GRANADA-ESPANA-300x200.jpg\" alt=\"\" width=\"519\" height=\"346\" srcset=\"https:\/\/patrimonioyambiente.faud.unsj.edu.ar\/wp-content\/uploads\/2025\/01\/LA-ALHAMBRA-Y-EL-GENERALIFE-DE-GRANADA-ESPANA-300x200.jpg 300w, https:\/\/patrimonioyambiente.faud.unsj.edu.ar\/wp-content\/uploads\/2025\/01\/LA-ALHAMBRA-Y-EL-GENERALIFE-DE-GRANADA-ESPANA-1024x681.jpg 1024w, https:\/\/patrimonioyambiente.faud.unsj.edu.ar\/wp-content\/uploads\/2025\/01\/LA-ALHAMBRA-Y-EL-GENERALIFE-DE-GRANADA-ESPANA-768x511.jpg 768w, https:\/\/patrimonioyambiente.faud.unsj.edu.ar\/wp-content\/uploads\/2025\/01\/LA-ALHAMBRA-Y-EL-GENERALIFE-DE-GRANADA-ESPANA-1536x1022.jpg 1536w, https:\/\/patrimonioyambiente.faud.unsj.edu.ar\/wp-content\/uploads\/2025\/01\/LA-ALHAMBRA-Y-EL-GENERALIFE-DE-GRANADA-ESPANA-1x1.jpg 1w, https:\/\/patrimonioyambiente.faud.unsj.edu.ar\/wp-content\/uploads\/2025\/01\/LA-ALHAMBRA-Y-EL-GENERALIFE-DE-GRANADA-ESPANA.jpg 1920w\" sizes=\"(max-width: 519px) 100vw, 519px\" \/>\u00a0 \u00a0 \u00a0 \u00a0 \u00a0 \u00a0 \u00a0 \u00a0 \u00a0 \u00a0 \u00a0 \u00a0 \u00a0 \u00a0 \u00a0 \u00a0 \u00a0 \u00a0 <strong>\u00a0 \u00a0 \u00a0 \u00a0 \u00a0 <span style=\"color: #808080;\">\u00a0La Alhambra y el Generalife de Granada &#8211; Espa\u00f1a<\/span><\/strong><\/h4>\n<p><strong>\u00abVALORACI\u00d3N DEL PATRIMONIO: CALIDAD, VALOR CULTURAL Y GRADOS DE PROTECCI\u00d3N\u00bb<\/strong><\/p>\n<p>En Arquitectura, la comprensi\u00f3n de la historia y el contexto cultural de los edificios ayuda a los estudiantes a dise\u00f1ar con mayor sensibilidad y respeto hacia el entorno existente. Adem\u00e1s, es esencial conocer las leyes y normativas sobre la protecci\u00f3n del patrimonio para asegurar que las nuevas construcciones no da\u00f1en o alteren negativamente los edificios hist\u00f3ricos.<\/p>\n<p>En Dise\u00f1o Industrial, la valoraci\u00f3n del patrimonio puede inspirar a los estudiantes a crear dise\u00f1os innovadores que respeten e incorporen elementos culturales tradicionales. Tambi\u00e9n promueve la sostenibilidad al aprovechar materiales y t\u00e9cnicas tradicionales m\u00e1s amigables con el medio ambiente.<\/p>\n<p>Para los estudiantes de Dise\u00f1o Gr\u00e1fico, entender y valorar el patrimonio cultural les permite crear trabajos que resuenen con la identidad y memoria cultural de una comunidad. Adem\u00e1s, pueden jugar un papel crucial en la documentaci\u00f3n y preservaci\u00f3n digital de elementos patrimoniales.<\/p>\n<ul>\n<li>VALORACI\u00d3N DEL PATRIMONIO<\/li>\n<li>CRITERIOS DE CALIDAD &#8211; VALOR CULTURAL<\/li>\n<li>GRADOS DE PROTECCI\u00d3N<\/li>\n<\/ul>\n<p>&nbsp;<\/p>\n<p style=\"text-align: center;\"><span style=\"color: #ff6600;\"><strong>Agradecemos tu comentario indicando nombre y apellido.<\/strong><\/span><\/p>\n","protected":false},"excerpt":{"rendered":"<p>&nbsp; \u00a0 \u00a0 \u00a0 \u00a0 \u00a0 \u00a0 \u00a0 \u00a0 \u00a0 \u00a0 \u00a0 \u00a0 \u00a0 \u00a0 \u00a0 \u00a0 \u00a0 \u00a0 \u00a0 \u00a0 \u00a0 \u00a0 \u00a0 \u00a0La Alhambra y el Generalife de Granada &#8211; Espa\u00f1a \u00abVALORACI\u00d3N DEL PATRIMONIO: CALIDAD, VALOR CULTURAL Y GRADOS DE PROTECCI\u00d3N\u00bb En Arquitectura, la comprensi\u00f3n de la historia y el contexto cultural de [&hellip;]<\/p>\n","protected":false},"author":3,"featured_media":0,"parent":42,"menu_order":0,"comment_status":"open","ping_status":"closed","template":"","meta":{"_mc_calendar":[],"footnotes":""},"class_list":["post-73","page","type-page","status-publish","hentry"],"_links":{"self":[{"href":"https:\/\/patrimonioyambiente.faud.unsj.edu.ar\/index.php?rest_route=\/wp\/v2\/pages\/73","targetHints":{"allow":["GET"]}}],"collection":[{"href":"https:\/\/patrimonioyambiente.faud.unsj.edu.ar\/index.php?rest_route=\/wp\/v2\/pages"}],"about":[{"href":"https:\/\/patrimonioyambiente.faud.unsj.edu.ar\/index.php?rest_route=\/wp\/v2\/types\/page"}],"author":[{"embeddable":true,"href":"https:\/\/patrimonioyambiente.faud.unsj.edu.ar\/index.php?rest_route=\/wp\/v2\/users\/3"}],"replies":[{"embeddable":true,"href":"https:\/\/patrimonioyambiente.faud.unsj.edu.ar\/index.php?rest_route=%2Fwp%2Fv2%2Fcomments&post=73"}],"version-history":[{"count":41,"href":"https:\/\/patrimonioyambiente.faud.unsj.edu.ar\/index.php?rest_route=\/wp\/v2\/pages\/73\/revisions"}],"predecessor-version":[{"id":1240,"href":"https:\/\/patrimonioyambiente.faud.unsj.edu.ar\/index.php?rest_route=\/wp\/v2\/pages\/73\/revisions\/1240"}],"up":[{"embeddable":true,"href":"https:\/\/patrimonioyambiente.faud.unsj.edu.ar\/index.php?rest_route=\/wp\/v2\/pages\/42"}],"wp:attachment":[{"href":"https:\/\/patrimonioyambiente.faud.unsj.edu.ar\/index.php?rest_route=%2Fwp%2Fv2%2Fmedia&parent=73"}],"curies":[{"name":"wp","href":"https:\/\/api.w.org\/{rel}","templated":true}]}}